of o?
9
What is the units digit of ((-67620)/207)/(4/(-18))?
0
Suppose -20*t + 17*t - 5*k + 212 = 0, 2*t - 124 = k. What is the tens digit of t?
6
Suppose 0*h = 3*h + 165. Let y = h - -130. What is the units digit of y?
5
Suppose -5*b - 3324 = -2*o - 2*b, 0 = b. Suppose 7*t - o = t. What is the units digit of t?
7
What is the units digit of 4612/10 - (-25)/(-125)?
1
Suppose 4*w - 127 = -k + 1292, w = -2*k + 360. What is the units digit of w?
4
Let b(l) = -7*l - 29. Let c be b(13). Let h = c + 228. What is the hundreds digit of h?
1
Suppose -1179 = -6*p - 15. What is the hundreds digit of p?
1
Let b be 2*(-1)/(-13) + 1554/39. What is the tens digit of (b/(-12) - -1)/(3/(-126))?
9
Let j(s) = 4*s - 2. Let a be j(-2). Let u(b) = b**3 - 9*b**2 + 14*b + 2. Let q be u(8). What is the units digit of a/(-3)*90/q?
6
Let t(y) = -259*y + 307. What is the hundreds digit of t(-19)?
2
What is the thousands digit of 99/(1 - -8) - -3395?
3
Suppose 4*r - 27 = -47. What is the units digit of 0 + -1 + (45/r - -286)?
6
What is the tens digit of (2 - (144 - 8))*-8?
7
Let p = -1275 + 749. What is the tens digit of p/(-4) - (-2)/4?
3
Let o = 48 + -23. Let x be 2 + -2 - 1*-2. Suppose -5*y - o = 0, -120 = w - 6*w + x*y. What is the units digit of w?
2
Suppose 0 = -3*g - g + 12. Suppose -g*d = -n, -3*n = -d + 2*n. Suppose 4*y = -2*v + 170, -3*y + 110 = -d*y - 2*v. What is the tens digit of y?
4
Suppose 3*m = 5*m. Let x = 8 - 8. Suppose -f + m + 7 = x. What is the units digit of f?
7
Let y = -1978 - -7312. What is the units digit of (-12)/(-102) + y/34?
7
Let z = -1418 - -2434. What is the hundreds digit of z?
0
Suppose -5*k - 12 = 4*h, 2*k - 6 = -2*k + 2*h. Let i be (-7 + k)/((-4)/12). Let t = 32 - i. What is the units digit of t?
1
Let d be (-1 + 5)/(4/3). Suppose -2*v = d*z - 33, 0*z - 2*v = 5*z - 51. Suppose z*s + 112 = 11*s. What is the units digit of s?
6
Suppose 0 = -8*o - 222 + 8822. What is the hundreds digit of o?
0
Suppose -3*q = 8 - 20, 4*z - 2*q = 324. What is the tens digit of z?
8
Suppose -f = -2*j - 1, 2*j = -5*f + 13 + 16. Let i = 5 - f. What is the units digit of (i - 2)/((-4)/10)?
5
Let h be 3 - -22*(-3)/(-6). Let v = h + -11. Suppose 0 = -v*d + 24 - 3. What is the units digit of d?
7
Let x = -68 + 255. What is the units digit of x?
7
Let q = 3686 - 2505. What is the hundreds digit of q?
1
What is the units digit of 3/4 + (-97744)/(-64)?
8
Let g(w) = w. Let q(u) = 11*u + 41. Let l(o) = 2*g(o) - q(o). What is the tens digit of l(-16)?
0
Let v = -17 + 17. Let k = 1 - v. What is the units digit of k?
1
Let t = -7570 - -11722. What is the tens digit of t?
5
Let s(w) = -w**2 + 21*w + 36. Let m be s(18). What is the units digit of (-72)/m*5/(-2)?
2
Let u(s) = -s + 2. Let h be u(0). What is the units digit of -1 - (-159)/h - 108/72?
7
Let s be -3*(24/18)/(-1). Let y(n) = -n**2 - 7*n - 2. Let g be y(-6). Suppose -s*u - 6 = -3*z + 2*z, -g*z = 4*u - 104. What is the tens digit of z?
2
Let x(m) be the second derivative of m**4/3 - m**3/6 - 7*m**2/2 - 22*m. What is the units digit of x(-5)?
8
Let h = 93 + -47. Let k = h + -84. What is the tens digit of 0 + 2 - (k + -1)?
4
Suppose 4*v + 5*n - 75 = 0, 4*v - 3*n - n = 48. Suppose -t = 4*t - v. What is the units digit of t?
3
Let d = 152 + 110. Let o = -95 + d. What is the hundreds digit of o?
1
Let i be 3*(0 + -1) - -159. Suppose 24 - i = -4*b. What is the tens digit of b?
3
Let g(h) = -4*h**2 + 11*h - 7. Let o be g(5). Let b = o + 108. What is the tens digit of b?
5
Let b(t) be the second derivative of -t**3 - 21*t**2 + 16*t. What is the units digit of b(-18)?
6
Let s(v) be the first derivative of -10*v**2 - 4*v + 22. What is the tens digit of s(-3)?
5
Let j(q) = 4*q**3 - 5*q**2 + 8*q. Let p be j(4). Let o = p - 138. What is the units digit of o?
0
Let t(x) = x**2 + x - 1. Let a be t(-3). Suppose a*b - 23 = -2*q - 5, -3*q + 2 = -5*b. Suppose -2*i - g + 3 = -i, 3*i - 8 = -b*g. What is the units digit of i?
2
Let h(o) = 3*o + 2*o + 7*o + 1. Suppose -33 + 17 = -8*l. What is the tens digit of h(l)?
2
Suppose -2*p + 0*l = -2*l + 4, 3*p + 3*l - 24 = 0. Suppose p*c - 12 = -x + 88, 4*x = -3*c + 85. What is the units digit of (84/c)/((-2)/(-5))?
6
Let k be 47 - 1/(-4)*0. Suppose k = h - 11. What is the tens digit of h?
5
Suppose 3*v + 2*z - 37 = 0, -3 - 7 = -2*z. Suppose 0 = -3*x + v, -x - 2*x = 3*q - 15. Suppose -w - 3 = -q*w. What is the units digit of w?
3
Let f(r) = -r + 42. Let s be f(17). Let a = 122 + s. What is the hundreds digit of a?
1
Let l(m) = m**3 - 8*m**2 + 6*m + 7. Let q be l(7). Suppose x - 4*f - 171 = q, -5*x - f + 6*f = -915. What is the units digit of x?
7
Let x(c) be the second derivative of c**4/6 + c**3/2 - 11*c**2 + 13*c. What is the tens digit of x(-7)?
5
Let t = 392 + -303. What is the tens digit of t?
8
What is the tens digit of 323466/77 - 2/(-14)?
0
Let o = -85 + 135. Suppose 8*x + 198 = 126. Let z = o - x. What is the units digit of z?
9
Let w = -228 + 501. What is the hundreds digit of w?
2
Let p = 1900 - 1129. What is the tens digit of p?
7
Let z(f) = 59*f**3 - 3*f**2 - f + 1. Let t be z(-1). Let n = -39 - t. What is the units digit of n?
1
What is the tens digit of (-549)/(-122)*10/3?
1
Let d(a) be the third derivative of -25*a**4/24 - 5*a**3 - 11*a**2. What is the tens digit of d(-4)?
7
Let w = -22 - -24. Suppose w*g - g - 78 = 0. What is the units digit of g?
8
Let u = -38 - -44. What is the units digit of u/33 + 318/66?
5
Suppose 14*y - 10587 = -815. What is the units digit of y?
8
Let u(b) = 15*b**2 - 7. Let g be u(-3). Suppose -2*o + 86 = -g. What is the units digit of o?
7
Let d(g) = g**2 - 2*g - 1. Suppose -5*a - 27 = n - 1, -2*a + 10 = -3*n. What is the units digit of d(n)?
7
Suppose 1324 = -121*f + 125*f. What is the hundreds digit of f?
3
Let j(t) = t + 21. Let q be 7 + 13 + (0 - -1). Suppose -7*r + 10*r + q = 0. What is the tens digit of j(r)?
1
Let t = -40 - -10. Let j be 18/(3/(-1)) + 0. Let x = j - t. What is the tens digit of x?
2
Suppose -4*k + 5*p = 0, 0*k - 2*p = 2*k. Suppose b - 75 + 28 = k. What is the units digit of b?
7
Let v be (-171)/(-12)*(8 - 16). What is the tens digit of v*((-40)/(-15) - 3)?
3
Let n(a) = -5*a + 5. Let g(v) = -14*v + 14. Let x(q) = -3*g(q) + 10*n(q). What is the units digit of x(-5)?
8
Let k(s) = s**2 - 11*s - 16. Let t be k(9). Let p be t*2/(8/(-2)). What is the units digit of (-1)/((1/p)/(-1))?
7
Suppose 0 = -3*m - 2*l + 8, -4*m + 2*l - 13 = -5. Suppose 0*w + 24 = 2*w. Suppose -k + m = -w. What is the tens digit of k?
1
Let f = -1032 - -1822. What is the tens digit of f?
9
Let y(b) = -b - 1. Let k(r) = 2*r**2 + 6*r - 7. Let a(v) = k(v) + 3*y(v). Let j be a(-10). Let f = -81 + j. What is the tens digit of f?
7
Let d = -32 - -17. What is the units digit of (-3)/d - (-432)/15?
9
Let d = 256 + 1079. What is the units digit of d?
5
Suppose 3*f - 45 = -2*f. Let v = 13 - f. Suppose 113 = 5*j + v*o, -2*o + 3 + 64 = 3*j. What is the tens digit of j?
2
Suppose 324*u - 325*u = -9. Suppose l + g - 1 = 0, -4*g + 8 = 3*l + 2*l. Suppose u*p - 55 = l*p. What is the tens digit of p?
1
Let w = -6 + 11. Let i be (1 + w)*(-1)/3. What is the units digit of i + (10 - 3) + -3?
2
Let n be 2*(-2 + -2)/(-1). Let j(i) = -i**3 + 8*i**2 + 4*i - 5. What is the tens digit of j(n)?
2
Let c(b) = 3*b + 63. What is the units digit of c(38)?
7
Suppose 208 = 3*l + 5*c + 3, 295 = 5*l - c. Let g = l + -43. What is the units digit of g?
7
Let o be 159/(-33) - 2/11. What is the tens digit of (o/((-5)/(-17)))/(-1)?
1
Let a(m) = -15*m - 2. Suppose 6*r - 4*i + 25 = 3*r, -4*i = -4*r - 28. What is the tens digit of a(r)?
4
Let z be (-5 + 1)*(-42)/56. Let h(w) = 8*w - 1. What is the units digit of h(z)?
3
Let z be 1/(-5) - 98/10. Let r = z - -8. What is the units digit of (4/4 - r)*1?
3
Suppose t - 265 = 5*b, -5*t = -4*b - 704 - 684. Suppose -t = -5*s - i, 5*s + 0*i + 5*i - 260 = 0. What is the tens digit of s?
5
Let c = -10 + 12. Suppose -4*n + 10 = -c*n. What is the units digit of n?
5
Suppose 24*l = 17*l + 1162. What is the hundreds digit of l?
1
Let k(j) be the first derivative of -j**4/2 - 2*j**3/3 - 3*j**2 - 6*j + 2. What is the tens digit of k(-3)?
4
Suppose 15*l + 1389 = u + 13*l, 1424 = u + 5*l. What is the thousands digit of u?
1
Let g be 135/63 + (-1)/7. What is the tens digit 